{"id":91,"date":"2020-03-22T10:49:08","date_gmt":"2020-03-22T10:49:08","guid":{"rendered":"https:\/\/mv-zimmerbach.de\/?page_id=91"},"modified":"2025-05-17T15:37:44","modified_gmt":"2025-05-17T14:37:44","slug":"jugend","status":"publish","type":"page","link":"https:\/\/mv-zimmerbach.de\/index.php\/jugend\/","title":{"rendered":"Jugend"},"content":{"rendered":"\n<p><strong>Unsere j\u00fcngste Musikgemeinschaft besteht derzeit aus<\/strong> 15 motivierten Kindern und Jugendlichen, von denen 9 auch das gro\u00dfen Blasorchester unterst\u00fctzen. Der Einzelunterricht am Instrument findet einmal in der Woche bei unseren qualifizierten Ausbilderinnen und Ausbilder statt. Gemeinsam musizieren die jungen Musikerinnen und Musiker unter der Leitung von Daniela Anklam und profitieren vom Zusammenspiel im gemeinsamen Jugendorchester mit den Jugendlichen des GMV Concordia Durlangen. Die Proben finden abwechselnd im Gemeindesaal Zimmerbach oder im Vereinsraum der Gemeindehalle Durlangen statt, was den Jugendlichen aus der gesamten Gemeinde zum Musizieren sehr entgegen kommt. Ein besonderes Ziel ist es, ein gro\u00dfes, ausgeglichen besetztes Jugendorchester zu bilden, das gemeinsam w\u00e4chst und musiziert.<\/p>\n\n\n\n<p>Das junge gemeinsame Orchester hat \u00fcber das Jahr verteilt vielf\u00e4ltigen Auftritte. Bei vereinseigenen Festen wie dem Inselfest, dem Garagenfest, beim Platzkonzert am Maibaum oder auch mit Weihnachtsmusik nach dem Krippenspiel zeigen die Jugendlichen mehrmals ihr K\u00f6nnen. Gemeinsame Tagesausfl\u00fcge in Freizeitparks oder Schwimmb\u00e4der und Ausfl\u00fcge mit \u00dcbernachtung werden im zweij\u00e4hrigen Turnus durchgef\u00fchrt. Zudem trifft man sich zu Weihnachtsfeiern mit Spieleabend und geselligem Beisammensein, um die Gemeinschaft zu st\u00e4rken. Unsere Jugendarbeit ist uns sehr wichtig, denn wir m\u00f6chten die Freude an der Musik f\u00f6rdern und die n\u00e4chste Generation von Musikern unterst\u00fctzen. Wir laden alle interessierten Jugendlichen herzlich ein, bei uns mitzumachen und Teil unserer musikalischen Familie zu werden!<\/p>\n","protected":false},"excerpt":{"rendered":"<p>Unsere j\u00fcngste Musikgemeinschaft besteht derzeit aus 15 motivierten Kindern und Jugendlichen, von denen 9 auch das gro\u00dfen Blasorchester unterst\u00fctzen. Der Einzelunterricht am Instrument findet einmal in der Woche bei unseren qualifizierten Ausbilderinnen und Ausbilder statt. Gemeinsam musizieren die jungen Musikerinnen und Musiker unter der Leitung von Daniela Anklam und profitieren vom Zusammenspiel im gemeinsamen Jugendorchester&hellip; <br \/> <a class=\"read-more\" href=\"https:\/\/mv-zimmerbach.de\/index.php\/jugend\/\">Weiterlesen<\/a><\/p>\n","protected":false},"author":1,"featured_media":0,"parent":0,"menu_order":0,"comment_status":"closed","ping_status":"closed","template":"","meta":{"footnotes":""},"_links":{"self":[{"href":"https:\/\/mv-zimmerbach.de\/index.php\/wp-json\/wp\/v2\/pages\/91"}],"collection":[{"href":"https:\/\/mv-zimmerbach.de\/index.php\/wp-json\/wp\/v2\/pages"}],"about":[{"href":"https:\/\/mv-zimmerbach.de\/index.php\/wp-json\/wp\/v2\/types\/page"}],"author":[{"embeddable":true,"href":"https:\/\/mv-zimmerbach.de\/index.php\/wp-json\/wp\/v2\/users\/1"}],"replies":[{"embeddable":true,"href":"https:\/\/mv-zimmerbach.de\/index.php\/wp-json\/wp\/v2\/comments?post=91"}],"version-history":[{"count":5,"href":"https:\/\/mv-zimmerbach.de\/index.php\/wp-json\/wp\/v2\/pages\/91\/revisions"}],"predecessor-version":[{"id":368,"href":"https:\/\/mv-zimmerbach.de\/index.php\/wp-json\/wp\/v2\/pages\/91\/revisions\/368"}],"wp:attachment":[{"href":"https:\/\/mv-zimmerbach.de\/index.php\/wp-json\/wp\/v2\/media?parent=91"}],"curies":[{"name":"wp","href":"https:\/\/api.w.org\/{rel}","templated":true}]}}