{"id":75,"date":"2020-03-22T10:43:17","date_gmt":"2020-03-22T10:43:17","guid":{"rendered":"https:\/\/mv-zimmerbach.de\/?page_id=75"},"modified":"2026-03-28T13:55:36","modified_gmt":"2026-03-28T12:55:36","slug":"vorstandschaft","status":"publish","type":"page","link":"https:\/\/mv-zimmerbach.de\/index.php\/vorstandschaft\/","title":{"rendered":"Vorstandschaft"},"content":{"rendered":"\n<p>Sie erreichen uns \u00fcber <a href=\"mailto:verwaltung@mv-zimmerbach.de\"><strong>verwaltung@mv-zimmerbach.de <\/strong><\/a><\/p>\n\n\n\n<p>Der Vorstand des Musikverein Zimmerbach organisiert das Vereinsleben \u00fcber das Jahr hinweg. <\/p>\n\n\n\n<p>Aktuell besteht die Vorstandschaft aus<\/p>\n\n\n\n<ul>\n<li>Vorstand: Tobias Abele, Timo Killinger<\/li>\n\n\n\n<li>Kassier: Andreas Widmann<\/li>\n\n\n\n<li>2. Kassier: Berthold Disam<\/li>\n\n\n\n<li>Schriftf\u00fchrer: Christina Mezger<\/li>\n\n\n\n<li>Musikervorstand: Michael Binder<\/li>\n\n\n\n<li>Jugendleiter: Diana Fischer, Sven Fischer, Clara Mezger<\/li>\n\n\n\n<li>Beisitzer: Jasmin Herkommer, Raphael Ripberger, Christoph Steinbr\u00fcck, Hans-Peter Kurz, Robin Lakner<\/li>\n<\/ul>\n\n\n\n<figure class=\"wp-block-image size-large\"><img loading=\"lazy\" decoding=\"async\" width=\"1024\" height=\"582\" src=\"https:\/\/mv-zimmerbach.de\/wp-content\/uploads\/2026\/03\/Ausschuss-MVZ-2026-1024x582.png\" alt=\"\" class=\"wp-image-440\" srcset=\"https:\/\/mv-zimmerbach.de\/wp-content\/uploads\/2026\/03\/Ausschuss-MVZ-2026-1024x582.png 1024w, https:\/\/mv-zimmerbach.de\/wp-content\/uploads\/2026\/03\/Ausschuss-MVZ-2026-300x170.png 300w, https:\/\/mv-zimmerbach.de\/wp-content\/uploads\/2026\/03\/Ausschuss-MVZ-2026-768x436.png 768w, https:\/\/mv-zimmerbach.de\/wp-content\/uploads\/2026\/03\/Ausschuss-MVZ-2026-1536x872.png 1536w, https:\/\/mv-zimmerbach.de\/wp-content\/uploads\/2026\/03\/Ausschuss-MVZ-2026-2048x1163.png 2048w, https:\/\/mv-zimmerbach.de\/wp-content\/uploads\/2026\/03\/Ausschuss-MVZ-2026-1902x1080.png 1902w\" sizes=\"(max-width: 1024px) 100vw, 1024px\" \/><\/figure>\n\n\n\n<p>Zur Unterst\u00fctzung der Kapellenarbeit gibt es zus\u00e4tzlich einen Musikerausschuss. Dieser besteht aus den folgenden Personen:<\/p>\n\n\n\n<ul>\n<li>Musikervorstand: Michael Binder<\/li>\n\n\n\n<li>Notenwart: Albrecht M\u00fcller, Melanie Abele<\/li>\n\n\n\n<li>Inventarverwalter: Uwe Sanwald<\/li>\n\n\n\n<li>Standartentr\u00e4ger: Karl Graw<\/li>\n<\/ul>\n","protected":false},"excerpt":{"rendered":"<p>Sie erreichen uns \u00fcber verwaltung@mv-zimmerbach.de Der Vorstand des Musikverein Zimmerbach organisiert das Vereinsleben \u00fcber das Jahr hinweg. Aktuell besteht die Vorstandschaft aus Zur Unterst\u00fctzung der Kapellenarbeit gibt es zus\u00e4tzlich einen Musikerausschuss. Dieser besteht aus den folgenden Personen:<\/p>\n","protected":false},"author":1,"featured_media":0,"parent":0,"menu_order":0,"comment_status":"closed","ping_status":"closed","template":"","meta":{"footnotes":""},"_links":{"self":[{"href":"https:\/\/mv-zimmerbach.de\/index.php\/wp-json\/wp\/v2\/pages\/75"}],"collection":[{"href":"https:\/\/mv-zimmerbach.de\/index.php\/wp-json\/wp\/v2\/pages"}],"about":[{"href":"https:\/\/mv-zimmerbach.de\/index.php\/wp-json\/wp\/v2\/types\/page"}],"author":[{"embeddable":true,"href":"https:\/\/mv-zimmerbach.de\/index.php\/wp-json\/wp\/v2\/users\/1"}],"replies":[{"embeddable":true,"href":"https:\/\/mv-zimmerbach.de\/index.php\/wp-json\/wp\/v2\/comments?post=75"}],"version-history":[{"count":8,"href":"https:\/\/mv-zimmerbach.de\/index.php\/wp-json\/wp\/v2\/pages\/75\/revisions"}],"predecessor-version":[{"id":445,"href":"https:\/\/mv-zimmerbach.de\/index.php\/wp-json\/wp\/v2\/pages\/75\/revisions\/445"}],"wp:attachment":[{"href":"https:\/\/mv-zimmerbach.de\/index.php\/wp-json\/wp\/v2\/media?parent=75"}],"curies":[{"name":"wp","href":"https:\/\/api.w.org\/{rel}","templated":true}]}}